 u(p) = 2*p**2 + 27*p - 59. What is the tens digit of u(-24)?
4
Let y = -175 - -247. What is the units digit of y?
2
Let n = 290 - -138. What is the units digit of n?
8
Let w(l) = -l**2 + 14*l - 12. Let x be w(6). What is the tens digit of (-810)/x*(-36)/10?
8
Suppose 16*h - 20*h + 100 = 0. Suppose 3*q + 6 = n + 5*q, 0 = -5*q + h. Let x(p) = -13*p + 5. What is the tens digit of x(n)?
5
Suppose 3*f + 42 = 5*q - 3, 2*q - 22 = 2*f. Let x = 29 - q. What is the tens digit of x?
2
Suppose -9 + 1 = 4*n. Let i be n/(-8) + 2/(-8). Suppose -l + 2*l - 20 = i. What is the units digit of l?
0
Suppose -78 = 4*h - 234. Let v = -17 + h. What is the tens digit of v?
2
Let z = 84 + 13. Let c = z + 151. What is the hundreds digit of c?
2
Suppose 0 = -2*d - 0*d + 6, -3*d - 96 = f. Let w = f - -201. What is the tens digit of w?
9
Suppose -d - 13 = 2. Let j(y) = -y - 12. Let c be j(d). Suppose -q + 0*q - 165 = -2*h, 305 = 4*h + c*q. What is the units digit of h?
0
Let u(n) = 2*n**3 + n**2 + 7*n - 4. Let a(b) = -b**3 - 6*b + 3. Let d(o) = -3*a(o) - 2*u(o). What is the hundreds digit of d(-6)?
1
Let x(d) = -d**3 - 4*d**2 - 3*d. Let t be x(-3). Suppose -3*f - 5*g = 5, -3*f + 4*g = -t*g - 4. What is the units digit of (f + 82)*6/12?
1
Let p = 196 - 73. Let m = 11 - 7. Suppose 5*b - m*h = -3 + p, -4*b + 3*h = -96. What is the units digit of b?
4
Let k(x) = -4*x - 2*x + 0*x - 13 + 2*x. What is the tens digit of k(-8)?
1
Let u(n) = -n**2 + 7*n - 3. Let t be u(6). Suppose -3*w - 190 = -3*l + 146, t*l - 364 = -4*w. What is the units digit of l?
6
Let u(o) = o**3 - 2*o**2 + 5*o + 4 + o**2 - o**2 - 4*o**2. Let g be u(4). What is the units digit of 6/g - 294/(-8)?
6
Suppose -3*m = 4*h - 6171, 3*h - 5*m = -4*m + 4625. What is the units digit of h?
2
Let n(d) = d**3 - 11*d**2 - 11*d - 8. Suppose 2*p = -2*p - 24. Let i be (-18)/4*16/p. What is the units digit of n(i)?
4
Let p = 183 - 102. What is the units digit of p?
1
Suppose 3*z - 5*h - 1734 = -2*h, -2*h + 587 = z. What is the hundreds digit of z?
5
Let z be 3*((-55)/3 - 1). Let v = 107 + z. What is the tens digit of v?
4
Let k = 1224 - 378. What is the tens digit of k?
4
Suppose 17*v - 5771 = 5500. What is the hundreds digit of v?
6
Let i = -26 + 30. What is the units digit of (-1 - -4)/(i/100)?
5
Let l(m) = m**2 - 2*m + 2. Let s be l(2). Let i be -12*((-13)/4 + s). Let f = i + -6. What is the units digit of f?
9
Let o(b) = 10*b**2 - 5*b + 102. What is the tens digit of o(8)?
0
Let i(o) = -27*o - 73. What is the units digit of i(-39)?
0
Let b = 1791 + -1228. Suppose 0 = -7*o + b + 207. Suppose 5*q - 3*q - o = 0. What is the tens digit of q?
5
Suppose -6910 = -5*d - w - 2640, -4*d + w = -3425. What is the hundreds digit of d?
8
Suppose 3*v - 6368 = -5*p - 2151, -3*v + 2529 = 3*p. Suppose -2*f + 5*g + p = 2*f, 3*f + 4*g - 664 = 0. What is the tens digit of f?
1
Let h = -1021 - -1021. Suppose 1 = j, 0*j = -5*c - 3*j + 1233. Suppose -d + 2*q + c = 3*d, h = -4*q + 4. What is the units digit of d?
2
Let x = 20 + -14. Let s(m) = -7*m + 21. Let a be s(x). What is the tens digit of (-2)/6 + (-1204)/a?
5
Let p(s) = s**3 + 9*s**2 - s - 6. Let g be p(-9). What is the units digit of g*1 + (-13 - -27)?
7
Let s = -23 + 28. Suppose 0 = s*m - 2*a - 379 - 49, 3*a + 83 = m. What is the units digit of m?
6
Let y be 2*19 - (5 - 7). Suppose 2*p - 6*p - 2*t - 40 = 0, -y = 4*p + 5*t. What is the units digit of (-55)/p*(3 + 3)?
3
Suppose v - 16 - 1 = 0. Let i(u) = -v - 2*u - 4 - 2*u. What is the tens digit of i(-14)?
3
Let t = 2030 + -838. What is the hundreds digit of t?
1
Suppose 71*o - 1620 = 76*o. What is the tens digit of (3/2)/((-18)/o)?
2
What is the tens digit of (-2 - -19)*(4 + 1 - -8)?
2
What is the tens digit of 5/45*-6 - (-2249)/3?
4
Let a = -79 + 122. Let o be a*3*(-4)/12. What is the tens digit of 4*5/((-20)/o)?
4
Suppose -3*h - 37 = 17. Let z = h - -35. What is the tens digit of z?
1
Suppose 3*f + 56 = -0*f - i, -5*f + 5*i - 100 = 0. Let z = 58 - f. What is the tens digit of z?
7
Suppose -5*j = -6*j + 2. Let h = -1 - j. Let f = h + 15. What is the tens digit of f?
1
Suppose 4*b + 803 = 15*b. Suppose -5*n = -6*n + b. What is the units digit of n?
3
Let o be 56/(-20)*(-5)/2. What is the hundreds digit of (-2)/o - 2496/(-14) - 4?
1
Let w(c) = 2*c**3 - 5*c**2 + 4*c - 3. Let b be (-354)/(-30) - 1/(-5). Suppose 4*n + 3*g - g - b = 0, 4*n = -5*g + 12. What is the tens digit of w(n)?
1
Suppose 4*a = -197 + 221. What is the units digit of a?
6
Suppose 3*o = 3*l - 30, l = -3*o + 12 + 2. Let q = 11 - l. Suppose q*y + 54 = 2*y. What is the tens digit of y?
2
Let d(t) = 11*t + 66. What is the tens digit of d(20)?
8
Suppose -2*i + 4*s = -1334, 5*i = 3*i + 2*s + 1340. What is the units digit of i?
3
Let n = -157 + 109. Let s = n - -74. What is the tens digit of s?
2
Let q = 185 - -88. What is the units digit of q?
3
Suppose -3*j - 1 - 8 = 0, 5*j = 5*w + 880. Let d = w + 254. What is the units digit of d?
5
Let p = -45 + 48. Suppose 0 = -2*n + 4*c + 86, 2*c + 130 + 19 = p*n. What is the units digit of n?
3
Suppose 1529 - 7525 = -5*b - q, 0 = -3*q - 12. What is the hundreds digit of b?
2
Let m = -210 - -1008. What is the units digit of m?
8
Let n = -27 - -40. Let g(l) = -n*l**3 - 8*l**3 + 0*l**3. What is the units digit of g(-1)?
1
Let r = 2347 - 1462. What is the tens digit of r?
8
Let n(s) = 2*s + 224. What is the tens digit of n(44)?
1
Let g(j) = -6*j**3 - 2*j - 1. Let q(t) = t**3 + 4*t**2 - t. Let d be q(-4). Suppose 4*r + 15 = -d*l + l, 4*l - r + 1 = 0. What is the units digit of g(l)?
7
Suppose 5*t + 50 = 215. Let b = 159 - t. What is the units digit of b?
6
Let p be (-6)/(-8) + 530/40. What is the units digit of (p/8)/((-6)/(-192))?
6
Suppose -3*r + 883 + 641 = 0. What is the hundreds digit of r?
5
Suppose 0 = -x - 4*t - 7, 2*t + 2*t + 34 = 2*x. Let m be (-3)/(-1)*(0 - -1). Suppose 4*f = -f, 0 = m*i - 5*f - x. What is the units digit of i?
3
Let c = 154 - -351. What is the units digit of c?
5
Let j(y) = y**2 - 2*y + 5. Let n be 10*((-19)/(-5) + -3). What is the units digit of j(n)?
3
Suppose g + 5*k - 2 = 126, 242 = 2*g + 3*k. What is the tens digit of g?
1
Let v(i) = 228*i + 264. What is the hundreds digit of v(6)?
6
What is the hundreds digit of (835/10)/((-1)/(-2))?
1
Suppose -5*a = -2*a + 3, f = 4*a + 672. Suppose 6*q - 2*q - 3*p - f = 0, 3*q + 2*p - 518 = 0. What is the units digit of q?
0
What is the units digit of 1238/4 + (-33)/66?
9
Let m = -31 + 31. Suppose 3*s - 90 = -5*n - s, 5*s - 25 = m. What is the units digit of n?
4
Let k = 81 + -81. Suppose -3*z - 645 = -3*b, k = -5*b + 2*b - z + 661. What is the tens digit of b?
1
Let a = 15 - 10. Suppose 0 = -2*h + a*h + 12. What is the units digit of (-106)/h - (-10)/(-20)?
6
What is the tens digit of ((-1381)/(-7) - -1) + (-70)/245?
9
Suppose 4*d - 39 + 23 = 0. What is the tens digit of 8/4*d/(-8) - -14?
1
Let h(l) = -6*l + 23. Let o be h(3). Suppose o*v - 3185 = -8*v. What is the hundreds digit of v?
2
Let y = -658 - -1107. What is the units digit of y?
9
Suppose -216 + 10 = -2*j - 4*n, 3*j + 5*n - 305 = 0. What is the units digit of j?
5
Let d(y) be the first derivative of -y**3/3 - 2*y**2 + 2*y + 1. Let z be d(-4). Suppose -z*h + 39 = -21. What is the tens digit of h?
3
Let b = 45 - 65. Suppose -65 = -5*u - 255. Let m = b - u. What is the tens digit of m?
1
Let q(t) = -t**2 - 10*t + 9. Let d be q(-11). What is the units digit of (d - (-14)/6)*237?
9
What is the units digit of 3/(-4)*-4*(-2519)/(-33)?
9
Let x(z) = -z**3 + 7*z**2 + 11*z + 2. Let r be (0 + -1)/((-8)/64). What is the units digit of x(r)?
6
Suppose -4*y + 2*h + 10558 = 0, 0 = -6*y + 7*y - h - 2638. What is the thousands digit of y?
2
Let l = -14 - -13. Let x be 4*3/(-2)*l. Suppose b + 155 = x*b. What is the units digit of b?
1
Suppose 60 = 2*i - d, 2*i + d - 60 = -0*d. Suppose 20 = 5*t, 0 = 3*w - 5*t - 37 - i. What is the tens digit of w?
2
Suppose -6*f = -3*f - 39. Let j = f - 16. Let u(w) = w**3 + 4*w**2 + w - 3. What is the units digit of u(j)?
3
Let c be 4/(-18) + 224/36. Let p = 12 - c. Suppose p*v - 43 = 191. What is the units digit of v?
9
Let z(r) = -165*r + 50. What is the hundreds digit of z(-4)?
7
Suppose g + 6 = -5*b, -10 = -3*g - 2*b + b. What is the tens digit of (-234)/(-10) + g/(-10)?
2
Let p be 19926/72 